{"id":51,"date":"2019-09-15T11:43:16","date_gmt":"2019-09-15T16:43:16","guid":{"rendered":"https:\/\/comunisoft.com\/web\/?page_id=51"},"modified":"2020-01-10T11:47:38","modified_gmt":"2020-01-10T16:47:38","slug":"nuestros-clientes","status":"publish","type":"page","link":"https:\/\/comunisoft.com\/web\/nuestros-clientes\/","title":{"rendered":"Nuestros Clientes"},"content":{"rendered":"<table>\n<tbody>\n<tr>\n<td><center><b>CLIENTE<\/b><\/center><\/td>\n<td><center><b>UBICACI\u00d3N<\/b><\/center><\/td>\n<\/tr>\n<tr>\n<td><b>1. <\/b>Instituci\u00f3n de Educaci\u00f3n Superior ITFIP<\/td>\n<td><center>El Espinal<\/center><\/td>\n<\/tr>\n<tr>\n<td><b>2. <\/b>Liga de Taekwondo de Cundinamarca<\/td>\n<td><center>Cundinamarca<\/center><\/td>\n<\/tr>\n<tr>\n<td><b>3. <\/b>C\u00e1mara de Comercio Sur y Oriente del Tolima<\/td>\n<td><center>Espinal<\/center><\/td>\n<\/tr>\n<tr>\n<td><b>4. <\/b>Federaci\u00f3n Colombiana de Taekwondo<\/td>\n<td><center>Bogot\u00e1<\/center><\/td>\n<\/tr>\n<tr>\n<td><b>5. <\/b>Club de Taekwondo Evolution<\/td>\n<td><center>Bucaramanga<\/center><\/td>\n<\/tr>\n<tr>\n<td><b>6. <\/b>Club Deportivo VMN SPORTS<\/td>\n<td><center>Bucaramanga<\/center><\/td>\n<\/tr>\n<tr>\n<td><b>7. <\/b>Club Academia de Taekwondo Pine Black<\/td>\n<td><center>Bucaramanga<\/center><\/td>\n<\/tr>\n<tr>\n<td><b>8. <\/b>Cross Ibagu\u00e9<\/td>\n<td><center>Ibagu\u00e9<\/center><\/td>\n<\/tr>\n<tr>\n<td><b>9. <\/b>Club de Taekwondo FUDAM (2 sedes)<\/td>\n<td><center>Bogot\u00e1<\/center><\/td>\n<\/tr>\n<tr>\n<td><b>10. <\/b>Fundaci\u00f3n Electro Sport<\/td>\n<td><center>Pie de Cuesta<\/center><\/td>\n<\/tr>\n<tr>\n<td><b>11. <\/b>Liga de Taekwondo de Bogot\u00e1<\/td>\n<td><center>Bogot\u00e1<\/center><\/td>\n<\/tr>\n<tr>\n<td><b>12. <\/b>Liga de Taekwondo de Antioquia<\/td>\n<td><center>Medellin<\/center><\/td>\n<\/tr>\n<tr>\n<td><b>13. <\/b>Liga de Taekwondo de Risaralda<\/td>\n<td><center>Pereira<\/center><\/td>\n<\/tr>\n<tr>\n<td><b>14. <\/b>Liga de Taekwondo de Santander<\/td>\n<td><center>Bucaramanga<\/center><\/td>\n<\/tr>\n<tr>\n<td><b>15. <\/b>Radikal Fit<\/td>\n<td><center>Ibagu\u00e9<\/center><\/td>\n<\/tr>\n<tr>\n<td><b>16. <\/b>Animal Box<\/td>\n<td><center>Ibagu\u00e9<\/center><\/td>\n<\/tr>\n<tr>\n<td><b>17. <\/b>Cheers Piajos<\/td>\n<td><center>Ibagu\u00e9<\/center><\/td>\n<\/tr>\n<tr>\n<td><b>18. <\/b>Radikal Fit<\/td>\n<td><center>Ibagu\u00e9<\/center><\/td>\n<\/tr>\n<tr>\n<td><b>19. <\/b>Gimnasio High Volt<\/td>\n<td><center>Bucaramanga<\/center><\/td>\n<\/tr>\n<tr>\n<td><b>20. <\/b>Ong Planeta Tierra<\/td>\n<td><center>El Espinal<\/center><\/td>\n<\/tr>\n<tr>\n<td><b>21. <\/b>Jefer Cruz Team (3 Sedes)<\/td>\n<td><center>Tabio &#8211; Tenjo &#8211; Sesquile<\/center><\/td>\n<\/tr>\n<tr>\n<td><b>22. <\/b>F&amp;F GYM<\/td>\n<td><center>El Espinal<\/center><\/td>\n<\/tr>\n<tr>\n<td><b>23. <\/b>Sparta Gym<\/td>\n<td><center>El Espinal<\/center><\/td>\n<\/tr>\n<tr>\n<td><b>24. <\/b>Jefer Cruz Team (3 Sedes)<\/td>\n<td><center>Tabio &#8211; Tenjo &#8211; Sesquile<\/center><\/td>\n<\/tr>\n<tr>\n<td><b>25. <\/b>Cafeter\u00eda Mocca<\/td>\n<td><center>Mariquita<\/center><\/td>\n<\/tr>\n<tr>\n<td><b>26. <\/b>Cafeter\u00eda Mostacho<\/td>\n<td><center>Mariquita<\/center><\/td>\n<\/tr>\n<tr>\n<td><b>27. <\/b>Cafeter\u00eda Yerba Buena<\/td>\n<td><center>Tolemaida<\/center><\/td>\n<\/tr>\n<tr>\n<td><b>28. <\/b>Club de Taekwondo El Drag\u00f3n<\/td>\n<td><center>Girardot<\/center><\/td>\n<\/tr>\n<tr>\n<td><b>29. <\/b>Divatto<\/td>\n<td><center>El Espinal<\/center><\/td>\n<\/tr>\n<tr>\n<td><b>30. <\/b>Gimnasio London<\/td>\n<td><center>Valledupar<\/center><\/td>\n<\/tr>\n<tr>\n<td><b>31. <\/b>Club de Boxeo Ol\u00edmpico<\/td>\n<td><center>Bucaramanga<\/center><\/td>\n<\/tr>\n<\/tbody>\n<\/table>\n","protected":false},"excerpt":{"rendered":"<p>CLIENTE UBICACI\u00d3N 1. Instituci\u00f3n de Educaci\u00f3n Superior ITFIP El Espinal 2. Liga de Taekwondo de [&hellip;]<\/p>\n","protected":false},"author":1,"featured_media":0,"parent":0,"menu_order":0,"comment_status":"closed","ping_status":"closed","template":"","meta":{"footnotes":""},"_links":{"self":[{"href":"https:\/\/comunisoft.com\/web\/wp-json\/wp\/v2\/pages\/51"}],"collection":[{"href":"https:\/\/comunisoft.com\/web\/wp-json\/wp\/v2\/pages"}],"about":[{"href":"https:\/\/comunisoft.com\/web\/wp-json\/wp\/v2\/types\/page"}],"author":[{"embeddable":true,"href":"https:\/\/comunisoft.com\/web\/wp-json\/wp\/v2\/users\/1"}],"replies":[{"embeddable":true,"href":"https:\/\/comunisoft.com\/web\/wp-json\/wp\/v2\/comments?post=51"}],"version-history":[{"count":19,"href":"https:\/\/comunisoft.com\/web\/wp-json\/wp\/v2\/pages\/51\/revisions"}],"predecessor-version":[{"id":481,"href":"https:\/\/comunisoft.com\/web\/wp-json\/wp\/v2\/pages\/51\/revisions\/481"}],"wp:attachment":[{"href":"https:\/\/comunisoft.com\/web\/wp-json\/wp\/v2\/media?parent=51"}],"curies":[{"name":"wp","href":"https:\/\/api.w.org\/{rel}","templated":true}]}}