{"id":33,"date":"2019-09-15T11:16:57","date_gmt":"2019-09-15T16:16:57","guid":{"rendered":"https:\/\/comunisoft.com\/web\/?page_id=33"},"modified":"2019-09-15T15:18:46","modified_gmt":"2019-09-15T20:18:46","slug":"nuestros-productos","status":"publish","type":"page","link":"https:\/\/comunisoft.com\/web\/nuestros-productos\/","title":{"rendered":"Nuestros Productos"},"content":{"rendered":"<table>\n<tr>\n<td><center><a href=\"https:\/\/comunisoft.com\/web\/smart-gym\/\"><img decoding=\"async\" loading=\"lazy\" src=\"https:\/\/comunisoft.com\/web\/wp-content\/uploads\/2019\/09\/SmartGym-300x300.jpg\" alt=\"\" width=\"250\" height=\"250\" class=\"alignnone size-medium wp-image-70\" srcset=\"https:\/\/comunisoft.com\/web\/wp-content\/uploads\/2019\/09\/SmartGym-300x300.jpg 300w, https:\/\/comunisoft.com\/web\/wp-content\/uploads\/2019\/09\/SmartGym-150x150.jpg 150w, https:\/\/comunisoft.com\/web\/wp-content\/uploads\/2019\/09\/SmartGym-768x768.jpg 768w, https:\/\/comunisoft.com\/web\/wp-content\/uploads\/2019\/09\/SmartGym-750x750.jpg 750w, https:\/\/comunisoft.com\/web\/wp-content\/uploads\/2019\/09\/SmartGym.jpg 800w\" sizes=\"(max-width: 250px) 100vw, 250px\" \/><\/a><\/center><\/td>\n<td><center><b><a href=\"https:\/\/comunisoft.com\/web\/smart-gym\/\">SMART GYM<\/a><\/b><\/p>\n<p align=\"justify\"><i>Sistema de gesti\u00f3n y administraci\u00f3n de pagos de mensualidades y clases para centros de acondicionamiento f\u00edsico<\/i><\/p>\n<p><\/center><\/td>\n<\/tr>\n<tr>\n<td><center><a href=\"https:\/\/comunisoft.com\/web\/smart-champion\/\"><img decoding=\"async\" loading=\"lazy\" src=\"https:\/\/comunisoft.com\/web\/wp-content\/uploads\/2019\/09\/logo-smart-champion-1024x883-300x259.png\" alt=\"\" width=\"250\" height=\"250\" class=\"alignnone size-medium wp-image-78\" \/><\/a><\/center><\/td>\n<td><center><b><a href=\"https:\/\/comunisoft.com\/web\/smart-champion\/\">SMART CHAMPION<\/a><\/b><\/p>\n<p align=\"justify\"><i>Plataforma de registro online y gesti\u00f3n de campeonatos de Taekwondo (Pir\u00e1mides, poomsae, orden de combates, premiaci\u00f3n)<\/i><\/p>\n<p><\/center><\/td>\n<\/tr>\n<tr>\n<td><center><\/center><\/td>\n<td><center><b><a href=\"https:\/\/comunisoft.com\/web\/smart-ventas\/\">SMART VENTAS<\/a><\/b><\/p>\n<p align=\"justify\"><i>Sistema de venta de productos de forma d\u00e9bito y cr\u00e9dito por medio de huella dactilar electr\u00f3nica<\/i><\/p>\n<p><\/center><\/td>\n<\/tr>\n<tr>\n<td><center><a href=\"https:\/\/comunisoft.com\/web\/arcana\/\"><img decoding=\"async\" loading=\"lazy\" src=\"https:\/\/comunisoft.com\/web\/wp-content\/uploads\/2019\/09\/chart.ico\" alt=\"\" width=\"150\" height=\"150\" class=\"alignnone size-full wp-image-81\" \/><\/a><\/center><\/td>\n<td><center><b><a href=\"https:\/\/comunisoft.com\/web\/arcana\/\">ARCANA<\/a><\/b><\/p>\n<p align=\"justify\"><i>Sistema de Gesti\u00f3n Integral de procesos de la Instituci\u00f3n de Educaci\u00f3n Superior ITFIP<\/i><\/p>\n<p><\/center><\/td>\n<\/tr>\n<\/table>\n","protected":false},"excerpt":{"rendered":"<p>SMART GYM Sistema de gesti\u00f3n y administraci\u00f3n de pagos de mensualidades y clases para centros [&hellip;]<\/p>\n","protected":false},"author":1,"featured_media":0,"parent":0,"menu_order":0,"comment_status":"closed","ping_status":"closed","template":"","meta":{"footnotes":""},"_links":{"self":[{"href":"https:\/\/comunisoft.com\/web\/wp-json\/wp\/v2\/pages\/33"}],"collection":[{"href":"https:\/\/comunisoft.com\/web\/wp-json\/wp\/v2\/pages"}],"about":[{"href":"https:\/\/comunisoft.com\/web\/wp-json\/wp\/v2\/types\/page"}],"author":[{"embeddable":true,"href":"https:\/\/comunisoft.com\/web\/wp-json\/wp\/v2\/users\/1"}],"replies":[{"embeddable":true,"href":"https:\/\/comunisoft.com\/web\/wp-json\/wp\/v2\/comments?post=33"}],"version-history":[{"count":23,"href":"https:\/\/comunisoft.com\/web\/wp-json\/wp\/v2\/pages\/33\/revisions"}],"predecessor-version":[{"id":104,"href":"https:\/\/comunisoft.com\/web\/wp-json\/wp\/v2\/pages\/33\/revisions\/104"}],"wp:attachment":[{"href":"https:\/\/comunisoft.com\/web\/wp-json\/wp\/v2\/media?parent=33"}],"curies":[{"name":"wp","href":"https:\/\/api.w.org\/{rel}","templated":true}]}}